{"id":38,"date":"2015-07-20T22:38:28","date_gmt":"2015-07-20T20:38:28","guid":{"rendered":"http:\/\/www.narrenzunft-fischbach.de\/?page_id=38"},"modified":"2025-04-15T07:27:03","modified_gmt":"2025-04-15T05:27:03","slug":"vorstand","status":"publish","type":"page","link":"https:\/\/www.narrenzunft-fischbach.de\/?page_id=38","title":{"rendered":"Vorstand"},"content":{"rendered":"\n<figure class=\"wp-block-table\"><table><tbody><tr><td class=\"has-text-align-center\" data-align=\"center\"> <h3>Vorstand<\/h3> <\/td><\/tr><\/tbody><\/table><\/figure>\n\n\n\n<figure class=\"wp-block-table\"><table><tbody><tr><td class=\"has-text-align-center\" data-align=\"center\"><strong><img loading=\"lazy\" width=\"175\" height=\"263\" class=\"wp-image-205 aligncenter\" src=\"http:\/\/www.narrenzunft-fischbach.de\/wp-content\/uploads\/2015\/07\/G1_0757_final-200x300.jpg\" alt=\"\" srcset=\"https:\/\/www.narrenzunft-fischbach.de\/wp-content\/uploads\/2015\/07\/G1_0757_final-200x300.jpg 200w, https:\/\/www.narrenzunft-fischbach.de\/wp-content\/uploads\/2015\/07\/G1_0757_final-768x1152.jpg 768w, https:\/\/www.narrenzunft-fischbach.de\/wp-content\/uploads\/2015\/07\/G1_0757_final-683x1024.jpg 683w, https:\/\/www.narrenzunft-fischbach.de\/wp-content\/uploads\/2015\/07\/G1_0757_final.jpg 1000w\" sizes=\"(max-width: 175px) 100vw, 175px\" \/><\/strong><br><strong>1. Zunftmeister<\/strong><br>Christoph Droxner<\/td><td class=\"has-text-align-center\" data-align=\"center\"><\/td><\/tr><tr><td class=\"has-text-align-center\" data-align=\"center\"><strong><img loading=\"lazy\" width=\"175\" height=\"263\" class=\"aligncenter wp-image-214\" src=\"http:\/\/www.narrenzunft-fischbach.de\/wp-content\/uploads\/2015\/07\/G1_1009_final-200x300.jpg\" alt=\"\" srcset=\"https:\/\/www.narrenzunft-fischbach.de\/wp-content\/uploads\/2015\/07\/G1_1009_final-200x300.jpg 200w, https:\/\/www.narrenzunft-fischbach.de\/wp-content\/uploads\/2015\/07\/G1_1009_final-768x1152.jpg 768w, https:\/\/www.narrenzunft-fischbach.de\/wp-content\/uploads\/2015\/07\/G1_1009_final-683x1024.jpg 683w, https:\/\/www.narrenzunft-fischbach.de\/wp-content\/uploads\/2015\/07\/G1_1009_final.jpg 1000w\" sizes=\"(max-width: 175px) 100vw, 175px\" \/><\/strong><br>2. <strong>Kassierer\/in<\/strong><br>Daniela Scherrmann<\/td><td class=\"has-text-align-center\" data-align=\"center\"><strong><img loading=\"lazy\" width=\"175\" height=\"263\" class=\"aligncenter wp-image-169\" src=\"http:\/\/www.narrenzunft-fischbach.de\/wp-content\/uploads\/2017\/06\/RZ_Fischbach_Fahne-212x300.jpg\" alt=\"\"><\/strong><br>3. <strong>Schriftf\u00fchrer\/In<\/strong><br>Regina M\u00fcller<\/td><\/tr><\/tbody><\/table><\/figure>\n\n\n\n<figure class=\"wp-block-table\"><table><tbody><tr><td class=\"has-text-align-center\" data-align=\"center\">\n<h3>Narrenr\u00e4te<\/h3>\n<\/td><\/tr><\/tbody><\/table><\/figure>\n\n\n\n<figure class=\"wp-block-table\"><table><tbody><tr><td class=\"has-text-align-center\" data-align=\"center\"><img loading=\"lazy\" width=\"159\" height=\"225\" class=\"aligncenter wp-image-169\" src=\"http:\/\/www.narrenzunft-fischbach.de\/wp-content\/uploads\/2017\/06\/RZ_Fischbach_Fahne-212x300.jpg\" alt=\"\" srcset=\"https:\/\/www.narrenzunft-fischbach.de\/wp-content\/uploads\/2017\/06\/RZ_Fischbach_Fahne-212x300.jpg 212w, https:\/\/www.narrenzunft-fischbach.de\/wp-content\/uploads\/2017\/06\/RZ_Fischbach_Fahne-768x1087.jpg 768w, https:\/\/www.narrenzunft-fischbach.de\/wp-content\/uploads\/2017\/06\/RZ_Fischbach_Fahne-724x1024.jpg 724w, https:\/\/www.narrenzunft-fischbach.de\/wp-content\/uploads\/2017\/06\/RZ_Fischbach_Fahne.jpg 800w\" sizes=\"(max-width: 159px) 100vw, 159px\" \/><br>Manuel B\u00fchler<\/td><td class=\"has-text-align-center\" data-align=\"center\"><img loading=\"lazy\" width=\"159\" height=\"225\" class=\"aligncenter wp-image-169\" src=\"http:\/\/www.narrenzunft-fischbach.de\/wp-content\/uploads\/2017\/06\/RZ_Fischbach_Fahne-212x300.jpg\" alt=\"\" srcset=\"https:\/\/www.narrenzunft-fischbach.de\/wp-content\/uploads\/2017\/06\/RZ_Fischbach_Fahne-212x300.jpg 212w, https:\/\/www.narrenzunft-fischbach.de\/wp-content\/uploads\/2017\/06\/RZ_Fischbach_Fahne-768x1087.jpg 768w, https:\/\/www.narrenzunft-fischbach.de\/wp-content\/uploads\/2017\/06\/RZ_Fischbach_Fahne-724x1024.jpg 724w, https:\/\/www.narrenzunft-fischbach.de\/wp-content\/uploads\/2017\/06\/RZ_Fischbach_Fahne.jpg 800w\" sizes=\"(max-width: 159px) 100vw, 159px\" \/><br>Maximilian Droxner<\/td><td class=\"has-text-align-center\" data-align=\"center\"><img loading=\"lazy\" width=\"159\" height=\"225\" class=\"aligncenter wp-image-169\" src=\"http:\/\/www.narrenzunft-fischbach.de\/wp-content\/uploads\/2017\/06\/RZ_Fischbach_Fahne-212x300.jpg\" alt=\"\" srcset=\"https:\/\/www.narrenzunft-fischbach.de\/wp-content\/uploads\/2017\/06\/RZ_Fischbach_Fahne-212x300.jpg 212w, https:\/\/www.narrenzunft-fischbach.de\/wp-content\/uploads\/2017\/06\/RZ_Fischbach_Fahne-768x1087.jpg 768w, https:\/\/www.narrenzunft-fischbach.de\/wp-content\/uploads\/2017\/06\/RZ_Fischbach_Fahne-724x1024.jpg 724w, https:\/\/www.narrenzunft-fischbach.de\/wp-content\/uploads\/2017\/06\/RZ_Fischbach_Fahne.jpg 800w\" sizes=\"(max-width: 159px) 100vw, 159px\" \/><br>Tim Obergfell<\/td><\/tr><tr><td class=\"has-text-align-center\" data-align=\"center\"> <img loading=\"lazy\" width=\"159\" height=\"225\" class=\"aligncenter wp-image-169\" src=\"http:\/\/www.narrenzunft-fischbach.de\/wp-content\/uploads\/2017\/06\/RZ_Fischbach_Fahne-212x300.jpg\" alt=\"\" srcset=\"https:\/\/www.narrenzunft-fischbach.de\/wp-content\/uploads\/2017\/06\/RZ_Fischbach_Fahne-212x300.jpg 212w, https:\/\/www.narrenzunft-fischbach.de\/wp-content\/uploads\/2017\/06\/RZ_Fischbach_Fahne-768x1087.jpg 768w, https:\/\/www.narrenzunft-fischbach.de\/wp-content\/uploads\/2017\/06\/RZ_Fischbach_Fahne-724x1024.jpg 724w, https:\/\/www.narrenzunft-fischbach.de\/wp-content\/uploads\/2017\/06\/RZ_Fischbach_Fahne.jpg 800w\" sizes=\"(max-width: 159px) 100vw, 159px\" \/> <br>Verena Storz<\/td><td class=\"has-text-align-center\" data-align=\"center\"><\/td><td class=\"has-text-align-center\" data-align=\"center\"> <img loading=\"lazy\" width=\"159\" height=\"225\" class=\"aligncenter wp-image-169\" src=\"http:\/\/www.narrenzunft-fischbach.de\/wp-content\/uploads\/2017\/06\/RZ_Fischbach_Fahne-212x300.jpg\" alt=\"\" srcset=\"https:\/\/www.narrenzunft-fischbach.de\/wp-content\/uploads\/2017\/06\/RZ_Fischbach_Fahne-212x300.jpg 212w, https:\/\/www.narrenzunft-fischbach.de\/wp-content\/uploads\/2017\/06\/RZ_Fischbach_Fahne-768x1087.jpg 768w, https:\/\/www.narrenzunft-fischbach.de\/wp-content\/uploads\/2017\/06\/RZ_Fischbach_Fahne-724x1024.jpg 724w, https:\/\/www.narrenzunft-fischbach.de\/wp-content\/uploads\/2017\/06\/RZ_Fischbach_Fahne.jpg 800w\" sizes=\"(max-width: 159px) 100vw, 159px\" \/> <br>Lee-Daniel L\u00e4ufer<\/td><\/tr><\/tbody><\/table><\/figure>\n\n\n\n<figure class=\"wp-block-table\"><table><tbody><tr><td class=\"has-text-align-center\" data-align=\"center\"> <h3>Ehrenzunftmeister<\/h3> <\/td><\/tr><\/tbody><\/table><\/figure>\n\n\n\n<figure class=\"wp-block-table\"><table><tbody><tr><td class=\"has-text-align-center\" data-align=\"center\"><strong><img loading=\"lazy\" width=\"150\" height=\"225\" class=\"aligncenter wp-image-224\" src=\"http:\/\/www.narrenzunft-fischbach.de\/wp-content\/uploads\/2015\/07\/G1_0765_final-200x300.jpg\" alt=\"\" srcset=\"https:\/\/www.narrenzunft-fischbach.de\/wp-content\/uploads\/2015\/07\/G1_0765_final-200x300.jpg 200w, https:\/\/www.narrenzunft-fischbach.de\/wp-content\/uploads\/2015\/07\/G1_0765_final-768x1152.jpg 768w, https:\/\/www.narrenzunft-fischbach.de\/wp-content\/uploads\/2015\/07\/G1_0765_final-683x1024.jpg 683w, https:\/\/www.narrenzunft-fischbach.de\/wp-content\/uploads\/2015\/07\/G1_0765_final.jpg 1000w\" sizes=\"(max-width: 150px) 100vw, 150px\" \/><\/strong><br><strong>Ehrenzunftmeister<br><\/strong>Hans Kaltenbach<br>(verstorben am 27.10.2022)<\/td><\/tr><\/tbody><\/table><\/figure>\n\n\n\n<figure class=\"wp-block-table\"><table><tbody><tr><td class=\"has-text-align-center\" data-align=\"center\"> <h3>Altnarrenrat<\/h3> <\/td><\/tr><\/tbody><\/table><\/figure>\n\n\n\n<figure class=\"wp-block-table\"><table><tbody><tr><td class=\"has-text-align-center\" data-align=\"center\"> <strong><img loading=\"lazy\" width=\"175\" height=\"263\" class=\"wp-image-206 aligncenter\" src=\"http:\/\/www.narrenzunft-fischbach.de\/wp-content\/uploads\/2015\/07\/G1_1037_final-200x300.jpg\" alt=\"\" srcset=\"https:\/\/www.narrenzunft-fischbach.de\/wp-content\/uploads\/2015\/07\/G1_1037_final-200x300.jpg 200w, https:\/\/www.narrenzunft-fischbach.de\/wp-content\/uploads\/2015\/07\/G1_1037_final-768x1152.jpg 768w, https:\/\/www.narrenzunft-fischbach.de\/wp-content\/uploads\/2015\/07\/G1_1037_final-683x1024.jpg 683w, https:\/\/www.narrenzunft-fischbach.de\/wp-content\/uploads\/2015\/07\/G1_1037_final.jpg 1000w\" sizes=\"(max-width: 175px) 100vw, 175px\" \/><\/strong> <br> Andy Ettwein <\/td><td class=\"has-text-align-center\" data-align=\"center\"><img loading=\"lazy\" width=\"150\" height=\"225\" src=\"http:\/\/www.narrenzunft-fischbach.de\/wp-content\/uploads\/2015\/07\/G1_0879_final-200x300.jpg\" alt=\"\"><br><br>Winfried Seemann<\/td><td class=\"has-text-align-center\" data-align=\"center\"><img loading=\"lazy\" width=\"159\" height=\"225\" src=\"http:\/\/www.narrenzunft-fischbach.de\/wp-content\/uploads\/2017\/06\/RZ_Fischbach_Fahne-212x300.jpg\" alt=\"\"><br><br>Heiko Obergfell<\/td><\/tr><tr><td class=\"has-text-align-center\" data-align=\"center\"><img loading=\"lazy\" width=\"150\" height=\"225\" src=\"http:\/\/www.narrenzunft-fischbach.de\/wp-content\/uploads\/2015\/07\/G1_0784_final-200x300.jpg\" alt=\"\"><br>Harald Walther<\/td><td class=\"has-text-align-center\" data-align=\"center\"><img loading=\"lazy\" width=\"159\" height=\"225\" src=\"http:\/\/www.narrenzunft-fischbach.de\/wp-content\/uploads\/2017\/06\/RZ_Fischbach_Fahne-212x300.jpg\" alt=\"\"><br>Eckhard Link<\/td><td class=\"has-text-align-center\" data-align=\"center\"><img loading=\"lazy\" width=\"150\" height=\"225\" src=\"http:\/\/www.narrenzunft-fischbach.de\/wp-content\/uploads\/2015\/07\/G1_0953_final-200x300.jpg\" alt=\"\"><br>Winfried Kammerer<\/td><\/tr><\/tbody><\/table><\/figure>\n\n\n\n<figure class=\"wp-block-table\"><table><tbody><tr><td>\n<h3 style=\"text-align: center;\">Ehrennarrenr\u00e4te<\/h3>\n<\/td><\/tr><\/tbody><\/table><\/figure>\n\n\n\n<figure class=\"wp-block-table\"><table><tbody><tr><td class=\"has-text-align-center\" data-align=\"center\"><img loading=\"lazy\" width=\"150\" height=\"225\" class=\"aligncenter wp-image-225\" src=\"http:\/\/www.narrenzunft-fischbach.de\/wp-content\/uploads\/2015\/07\/G1_0808_final-200x300.jpg\" alt=\"\" srcset=\"https:\/\/www.narrenzunft-fischbach.de\/wp-content\/uploads\/2015\/07\/G1_0808_final-200x300.jpg 200w, https:\/\/www.narrenzunft-fischbach.de\/wp-content\/uploads\/2015\/07\/G1_0808_final-768x1152.jpg 768w, https:\/\/www.narrenzunft-fischbach.de\/wp-content\/uploads\/2015\/07\/G1_0808_final-683x1024.jpg 683w, https:\/\/www.narrenzunft-fischbach.de\/wp-content\/uploads\/2015\/07\/G1_0808_final.jpg 1000w\" sizes=\"(max-width: 150px) 100vw, 150px\" \/><br>Erwin Obergfell<\/td><td class=\"has-text-align-center\" data-align=\"center\"><img loading=\"lazy\" width=\"150\" height=\"225\" src=\"http:\/\/www.narrenzunft-fischbach.de\/wp-content\/uploads\/2015\/07\/G1_1044_final-200x300.jpg\" alt=\"\"><br>Fritz Storz<\/td><td class=\"has-text-align-center\" data-align=\"center\"><img loading=\"lazy\" width=\"159\" height=\"225\" class=\"aligncenter wp-image-169\" src=\"http:\/\/www.narrenzunft-fischbach.de\/wp-content\/uploads\/2017\/06\/RZ_Fischbach_Fahne-212x300.jpg\" alt=\"\" srcset=\"https:\/\/www.narrenzunft-fischbach.de\/wp-content\/uploads\/2017\/06\/RZ_Fischbach_Fahne-212x300.jpg 212w, https:\/\/www.narrenzunft-fischbach.de\/wp-content\/uploads\/2017\/06\/RZ_Fischbach_Fahne-768x1087.jpg 768w, https:\/\/www.narrenzunft-fischbach.de\/wp-content\/uploads\/2017\/06\/RZ_Fischbach_Fahne-724x1024.jpg 724w, https:\/\/www.narrenzunft-fischbach.de\/wp-content\/uploads\/2017\/06\/RZ_Fischbach_Fahne.jpg 800w\" sizes=\"(max-width: 159px) 100vw, 159px\" \/><br>Egon Schlenker<br>(Gr\u00fcndungsmitglied)<\/td><\/tr><tr><td class=\"has-text-align-center\" data-align=\"center\"><img loading=\"lazy\" width=\"150\" height=\"225\" class=\"aligncenter wp-image-222\" src=\"http:\/\/www.narrenzunft-fischbach.de\/wp-content\/uploads\/2015\/07\/G1_0871_final-200x300.jpg\" alt=\"\" srcset=\"https:\/\/www.narrenzunft-fischbach.de\/wp-content\/uploads\/2015\/07\/G1_0871_final-200x300.jpg 200w, https:\/\/www.narrenzunft-fischbach.de\/wp-content\/uploads\/2015\/07\/G1_0871_final-768x1152.jpg 768w, https:\/\/www.narrenzunft-fischbach.de\/wp-content\/uploads\/2015\/07\/G1_0871_final-683x1024.jpg 683w, https:\/\/www.narrenzunft-fischbach.de\/wp-content\/uploads\/2015\/07\/G1_0871_final.jpg 1000w\" sizes=\"(max-width: 150px) 100vw, 150px\" \/><br>Edgar Schlenker<br>(Gr\u00fcndungsmitglied)<\/td><td class=\"has-text-align-center\" data-align=\"center\"><img loading=\"lazy\" width=\"150\" height=\"225\" class=\"aligncenter wp-image-226\" src=\"http:\/\/www.narrenzunft-fischbach.de\/wp-content\/uploads\/2015\/07\/G1_0839_final-200x300.jpg\" alt=\"\" srcset=\"https:\/\/www.narrenzunft-fischbach.de\/wp-content\/uploads\/2015\/07\/G1_0839_final-200x300.jpg 200w, https:\/\/www.narrenzunft-fischbach.de\/wp-content\/uploads\/2015\/07\/G1_0839_final-768x1152.jpg 768w, https:\/\/www.narrenzunft-fischbach.de\/wp-content\/uploads\/2015\/07\/G1_0839_final-683x1024.jpg 683w, https:\/\/www.narrenzunft-fischbach.de\/wp-content\/uploads\/2015\/07\/G1_0839_final.jpg 1000w\" sizes=\"(max-width: 150px) 100vw, 150px\" \/><br>Roland Schlenker<br>(Gr\u00fcndungsmitglied)<\/td><td class=\"has-text-align-center\" data-align=\"center\"><img loading=\"lazy\" width=\"159\" height=\"225\" class=\"aligncenter wp-image-169\" src=\"http:\/\/www.narrenzunft-fischbach.de\/wp-content\/uploads\/2017\/06\/RZ_Fischbach_Fahne-212x300.jpg\" alt=\"\" srcset=\"https:\/\/www.narrenzunft-fischbach.de\/wp-content\/uploads\/2017\/06\/RZ_Fischbach_Fahne-212x300.jpg 212w, https:\/\/www.narrenzunft-fischbach.de\/wp-content\/uploads\/2017\/06\/RZ_Fischbach_Fahne-768x1087.jpg 768w, https:\/\/www.narrenzunft-fischbach.de\/wp-content\/uploads\/2017\/06\/RZ_Fischbach_Fahne-724x1024.jpg 724w, https:\/\/www.narrenzunft-fischbach.de\/wp-content\/uploads\/2017\/06\/RZ_Fischbach_Fahne.jpg 800w\" sizes=\"(max-width: 159px) 100vw, 159px\" \/><br>Manfred Stern<br>(Gr\u00fcndungsmitglied)<\/td><\/tr><tr><td class=\"has-text-align-center\" data-align=\"center\"> <img loading=\"lazy\" width=\"159\" height=\"225\" class=\"aligncenter wp-image-169\" src=\"http:\/\/www.narrenzunft-fischbach.de\/wp-content\/uploads\/2017\/06\/RZ_Fischbach_Fahne-212x300.jpg\" alt=\"\" srcset=\"https:\/\/www.narrenzunft-fischbach.de\/wp-content\/uploads\/2017\/06\/RZ_Fischbach_Fahne-212x300.jpg 212w, https:\/\/www.narrenzunft-fischbach.de\/wp-content\/uploads\/2017\/06\/RZ_Fischbach_Fahne-768x1087.jpg 768w, https:\/\/www.narrenzunft-fischbach.de\/wp-content\/uploads\/2017\/06\/RZ_Fischbach_Fahne-724x1024.jpg 724w, https:\/\/www.narrenzunft-fischbach.de\/wp-content\/uploads\/2017\/06\/RZ_Fischbach_Fahne.jpg 800w\" sizes=\"(max-width: 159px) 100vw, 159px\" \/> <br>Manfred Schlenker <br>(Gr\u00fcndungsmitglied)<\/td><td class=\"has-text-align-center\" data-align=\"center\">  <br><\/td><td class=\"has-text-align-center\" data-align=\"center\"><br><\/td><\/tr><\/tbody><\/table><\/figure>\n\n\n\n<div class=\"wp-block-image\"><figure class=\"aligncenter size-large\"><a href=\"https:\/\/www.narrenzunft-fischbach.de\/wp-content\/uploads\/2025\/01\/WhatsApp-Image-2025-01-21-at-13.04.20-1.jpeg\"><img loading=\"lazy\" width=\"1024\" height=\"681\" src=\"https:\/\/www.narrenzunft-fischbach.de\/wp-content\/uploads\/2025\/01\/WhatsApp-Image-2025-01-21-at-13.04.20-1-1024x681.jpeg\" alt=\"\" class=\"wp-image-574\" srcset=\"https:\/\/www.narrenzunft-fischbach.de\/wp-content\/uploads\/2025\/01\/WhatsApp-Image-2025-01-21-at-13.04.20-1-1024x681.jpeg 1024w, https:\/\/www.narrenzunft-fischbach.de\/wp-content\/uploads\/2025\/01\/WhatsApp-Image-2025-01-21-at-13.04.20-1-300x200.jpeg 300w, https:\/\/www.narrenzunft-fischbach.de\/wp-content\/uploads\/2025\/01\/WhatsApp-Image-2025-01-21-at-13.04.20-1-768x511.jpeg 768w, https:\/\/www.narrenzunft-fischbach.de\/wp-content\/uploads\/2025\/01\/WhatsApp-Image-2025-01-21-at-13.04.20-1-1536x1022.jpeg 1536w, https:\/\/www.narrenzunft-fischbach.de\/wp-content\/uploads\/2025\/01\/WhatsApp-Image-2025-01-21-at-13.04.20-1.jpeg 2048w\" sizes=\"(max-width: 1024px) 100vw, 1024px\" \/><\/a><\/figure><\/div>\n\n\n\n<p class=\"has-text-align-center\">Narrenrat mit Ehrennarrenr\u00e4te (2022)<\/p>\n\n\n\n<div class=\"wp-block-image\"><figure class=\"aligncenter\"><img loading=\"lazy\" width=\"1024\" height=\"683\" src=\"http:\/\/www.narrenzunft-fischbach.de\/wp-content\/uploads\/2015\/07\/G1_1276_final-1024x683.jpg\" alt=\"\" class=\"wp-image-240\" srcset=\"https:\/\/www.narrenzunft-fischbach.de\/wp-content\/uploads\/2015\/07\/G1_1276_final-1024x683.jpg 1024w, https:\/\/www.narrenzunft-fischbach.de\/wp-content\/uploads\/2015\/07\/G1_1276_final-300x200.jpg 300w, https:\/\/www.narrenzunft-fischbach.de\/wp-content\/uploads\/2015\/07\/G1_1276_final-768x512.jpg 768w, https:\/\/www.narrenzunft-fischbach.de\/wp-content\/uploads\/2015\/07\/G1_1276_final-730x487.jpg 730w, https:\/\/www.narrenzunft-fischbach.de\/wp-content\/uploads\/2015\/07\/G1_1276_final.jpg 1500w\" sizes=\"(max-width: 1024px) 100vw, 1024px\" \/><\/figure><\/div>\n\n\n\n<p class=\"has-text-align-center\">Narrenrat (2017)<\/p>\n\n\n\n<div class=\"wp-block-image\"><figure class=\"aligncenter\"><img loading=\"lazy\" width=\"1024\" height=\"683\" src=\"http:\/\/www.narrenzunft-fischbach.de\/wp-content\/uploads\/2015\/07\/G1_1095_final-1024x683.jpg\" alt=\"\" class=\"wp-image-237\" srcset=\"https:\/\/www.narrenzunft-fischbach.de\/wp-content\/uploads\/2015\/07\/G1_1095_final-1024x683.jpg 1024w, https:\/\/www.narrenzunft-fischbach.de\/wp-content\/uploads\/2015\/07\/G1_1095_final-300x200.jpg 300w, https:\/\/www.narrenzunft-fischbach.de\/wp-content\/uploads\/2015\/07\/G1_1095_final-768x512.jpg 768w, https:\/\/www.narrenzunft-fischbach.de\/wp-content\/uploads\/2015\/07\/G1_1095_final-730x487.jpg 730w, https:\/\/www.narrenzunft-fischbach.de\/wp-content\/uploads\/2015\/07\/G1_1095_final.jpg 1500w\" sizes=\"(max-width: 1024px) 100vw, 1024px\" \/><\/figure><\/div>\n\n\n\n<p class=\"has-text-align-center\">Narrenrat mit Ehrenzunftmeister und Ehrennarrenr\u00e4te (2017)<\/p>\n\n\n\n<p class=\"has-text-align-center\">&nbsp;<\/p>\n\n\n\n<p><\/p>\n","protected":false},"excerpt":{"rendered":"<p>Vorstand 1. ZunftmeisterChristoph Droxner 2. Kassierer\/inDaniela Scherrmann 3. Schriftf\u00fchrer\/InRegina M\u00fcller Narrenr\u00e4te Manuel B\u00fchler Maximilian Droxner Tim Obergfell Verena Storz Lee-Daniel L\u00e4ufer Ehrenzunftmeister EhrenzunftmeisterHans Kaltenbach(verstorben am 27.10.2022) Altnarrenrat Andy Ettwein Winfried Seemann Heiko Obergfell Harald Walther Eckhard Link Winfried Kammerer Ehrennarrenr\u00e4te Erwin Obergfell Fritz Storz Egon Schlenker(Gr\u00fcndungsmitglied) Edgar Schlenker(Gr\u00fcndungsmitglied) Roland Schlenker(Gr\u00fcndungsmitglied) Manfred Stern(Gr\u00fcndungsmitglied) Manfred Schlenker (Gr\u00fcndungsmitglied) &hellip; <a href=\"https:\/\/www.narrenzunft-fischbach.de\/?page_id=38\" class=\"more-link\"><span class=\"screen-reader-text\">Vorstand<\/span> weiterlesen <span class=\"meta-nav\">&rarr;<\/span><\/a><\/p>\n","protected":false},"author":1,"featured_media":0,"parent":0,"menu_order":1,"comment_status":"closed","ping_status":"closed","template":"","meta":[],"_links":{"self":[{"href":"https:\/\/www.narrenzunft-fischbach.de\/index.php?rest_route=\/wp\/v2\/pages\/38"}],"collection":[{"href":"https:\/\/www.narrenzunft-fischbach.de\/index.php?rest_route=\/wp\/v2\/pages"}],"about":[{"href":"https:\/\/www.narrenzunft-fischbach.de\/index.php?rest_route=\/wp\/v2\/types\/page"}],"author":[{"embeddable":true,"href":"https:\/\/www.narrenzunft-fischbach.de\/index.php?rest_route=\/wp\/v2\/users\/1"}],"replies":[{"embeddable":true,"href":"https:\/\/www.narrenzunft-fischbach.de\/index.php?rest_route=%2Fwp%2Fv2%2Fcomments&post=38"}],"version-history":[{"count":40,"href":"https:\/\/www.narrenzunft-fischbach.de\/index.php?rest_route=\/wp\/v2\/pages\/38\/revisions"}],"predecessor-version":[{"id":605,"href":"https:\/\/www.narrenzunft-fischbach.de\/index.php?rest_route=\/wp\/v2\/pages\/38\/revisions\/605"}],"wp:attachment":[{"href":"https:\/\/www.narrenzunft-fischbach.de\/index.php?rest_route=%2Fwp%2Fv2%2Fmedia&parent=38"}],"curies":[{"name":"wp","href":"https:\/\/api.w.org\/{rel}","templated":true}]}}