{"id":62,"date":"2015-07-20T22:42:11","date_gmt":"2015-07-20T20:42:11","guid":{"rendered":"http:\/\/www.narrenzunft-fischbach.de\/?page_id=62"},"modified":"2017-06-18T15:55:56","modified_gmt":"2017-06-18T13:55:56","slug":"links","status":"publish","type":"page","link":"https:\/\/www.narrenzunft-fischbach.de\/?page_id=62","title":{"rendered":"Links"},"content":{"rendered":"<table>\n<tbody>\n<tr>\n<td style=\"text-align: center;\" width=\"600\"><a href=\"http:\/\/www.feuerwehr-niedereschach.de\" target=\"_blank\" rel=\"noopener noreferrer\"><img loading=\"lazy\" class=\"size-medium wp-image-176 aligncenter\" src=\"http:\/\/www.narrenzunft-fischbach.de\/wp-content\/uploads\/2015\/07\/Logo-FFN_Gesamt_2e-300x121.jpg\" alt=\"\" width=\"300\" height=\"121\" srcset=\"https:\/\/www.narrenzunft-fischbach.de\/wp-content\/uploads\/2015\/07\/Logo-FFN_Gesamt_2e-300x121.jpg 300w, https:\/\/www.narrenzunft-fischbach.de\/wp-content\/uploads\/2015\/07\/Logo-FFN_Gesamt_2e-768x310.jpg 768w, https:\/\/www.narrenzunft-fischbach.de\/wp-content\/uploads\/2015\/07\/Logo-FFN_Gesamt_2e-1024x413.jpg 1024w, https:\/\/www.narrenzunft-fischbach.de\/wp-content\/uploads\/2015\/07\/Logo-FFN_Gesamt_2e.jpg 1150w\" sizes=\"(max-width: 300px) 100vw, 300px\" \/>Freiwillige Feuerwehr Fischbach<\/a><\/td>\n<td style=\"text-align: center;\" width=\"600\"><a href=\"http:\/\/www.kath-andereschach.de\/html\/content\/fischbach.html\" target=\"_blank\" rel=\"noopener noreferrer\"><img loading=\"lazy\" class=\"size-full wp-image-180 aligncenter\" src=\"http:\/\/www.narrenzunft-fischbach.de\/wp-content\/uploads\/2015\/07\/logo.transparent_60.png\" alt=\"\" width=\"209\" height=\"100\" \/>C\u00e4cilienverein Fischbach (Kirchenchor)<\/a><\/td>\n<\/tr>\n<tr>\n<td style=\"text-align: center;\" width=\"600\"><a href=\"http:\/\/www.av-teufental.de\" target=\"_blank\" rel=\"noopener noreferrer\"><img loading=\"lazy\" class=\"size-full wp-image-179 aligncenter\" src=\"http:\/\/www.narrenzunft-fischbach.de\/wp-content\/uploads\/2015\/07\/av_logol.gif\" alt=\"\" width=\"56\" height=\"70\" \/>\u00a0Angelverein Fischbach<\/a><\/td>\n<td style=\"text-align: center;\" width=\"600\"><a href=\"http:\/\/www.fc-fischbach.de\/\" target=\"_blank\" rel=\"noopener noreferrer\"><img loading=\"lazy\" class=\"wp-image-182 aligncenter\" src=\"http:\/\/www.narrenzunft-fischbach.de\/wp-content\/uploads\/2015\/07\/FCFischbach.jpg\" alt=\"\" width=\"63\" height=\"80\" \/>FC Fischbach<\/a><\/td>\n<\/tr>\n<tr>\n<td style=\"text-align: center;\" width=\"600\"><a href=\"http:\/\/www.drk-fischbach.de\" target=\"_blank\" rel=\"noopener noreferrer\"><img loading=\"lazy\" class=\"size-full wp-image-177 aligncenter\" src=\"http:\/\/www.narrenzunft-fischbach.de\/wp-content\/uploads\/2015\/07\/abenteuer.jpg\" alt=\"\" width=\"170\" height=\"86\" \/>DRK Fischbach<\/a><\/td>\n<td style=\"text-align: center;\" width=\"600\"><a href=\"http:\/\/www.musikverein-fischbach.de\/\" target=\"_blank\" rel=\"noopener noreferrer\"><img loading=\"lazy\" class=\"wp-image-183 aligncenter\" src=\"http:\/\/www.narrenzunft-fischbach.de\/wp-content\/uploads\/2015\/07\/MF_Fischbach.png\" alt=\"\" width=\"118\" height=\"120\" \/>Musikverein Fischbach<\/a><\/td>\n<\/tr>\n<tr>\n<td style=\"text-align: center;\" width=\"600\"><a href=\"http:\/\/www.jc-fischbach.de\" target=\"_blank\" rel=\"noopener noreferrer\"><img loading=\"lazy\" class=\"size-medium wp-image-186 aligncenter\" src=\"http:\/\/www.narrenzunft-fischbach.de\/wp-content\/uploads\/2015\/07\/JugendClub-300x43.png\" alt=\"\" width=\"300\" height=\"43\" srcset=\"https:\/\/www.narrenzunft-fischbach.de\/wp-content\/uploads\/2015\/07\/JugendClub-300x43.png 300w, https:\/\/www.narrenzunft-fischbach.de\/wp-content\/uploads\/2015\/07\/JugendClub.png 320w\" sizes=\"(max-width: 300px) 100vw, 300px\" \/>\u00a0Jugendclub Fischbach<\/a><\/td>\n<td style=\"text-align: center;\" width=\"600\"><a href=\"https:\/\/www.fuerstenberg.de\/startseite\" target=\"_blank\" rel=\"noopener noreferrer\"><img loading=\"lazy\" class=\"wp-image-192 aligncenter\" src=\"http:\/\/www.narrenzunft-fischbach.de\/wp-content\/uploads\/2015\/07\/Fuerstenberg-300x237.png\" alt=\"\" width=\"190\" height=\"150\" srcset=\"https:\/\/www.narrenzunft-fischbach.de\/wp-content\/uploads\/2015\/07\/Fuerstenberg-300x237.png 300w, https:\/\/www.narrenzunft-fischbach.de\/wp-content\/uploads\/2015\/07\/Fuerstenberg.png 312w\" sizes=\"(max-width: 190px) 100vw, 190px\" \/>F\u00fcrstenberg Brauerei<\/a><\/td>\n<\/tr>\n<tr>\n<td style=\"text-align: center;\" width=\"600\"><a href=\"http:\/\/www.ohrwuermer-fischbach.de\" target=\"_blank\" rel=\"noopener noreferrer\"><img loading=\"lazy\" class=\"size-medium wp-image-187 aligncenter\" src=\"http:\/\/www.narrenzunft-fischbach.de\/wp-content\/uploads\/2015\/07\/Ohrw\u00fcrmer-300x262.jpg\" alt=\"\" width=\"300\" height=\"262\" srcset=\"https:\/\/www.narrenzunft-fischbach.de\/wp-content\/uploads\/2015\/07\/Ohrw\u00fcrmer-300x262.jpg 300w, https:\/\/www.narrenzunft-fischbach.de\/wp-content\/uploads\/2015\/07\/Ohrw\u00fcrmer.jpg 618w\" sizes=\"(max-width: 300px) 100vw, 300px\" \/>Gugg\u00e4musik Ohrw\u00fcrmer Fischbach<\/a><\/td>\n<td style=\"text-align: center;\" width=\"600\"><a href=\"http:\/\/www.schwarzwaelder-narrenvereinigung.de\" target=\"_blank\" rel=\"noopener noreferrer\"><img loading=\"lazy\" class=\"size-full wp-image-193 aligncenter\" src=\"http:\/\/www.narrenzunft-fischbach.de\/wp-content\/uploads\/2015\/07\/logo.png\" alt=\"\" width=\"171\" height=\"205\" \/>Schwarzw\u00e4lder Narrenvereinigung<\/a><\/td>\n<\/tr>\n<tr>\n<td width=\"600\">\n<p style=\"text-align: center;\"><a href=\"http:\/\/www.niedereschach.de\/pb\/,Lde\/255294.html\" target=\"_blank\" rel=\"noopener noreferrer\"><img loading=\"lazy\" class=\"size-full wp-image-194 aligncenter\" src=\"http:\/\/www.narrenzunft-fischbach.de\/wp-content\/uploads\/2015\/07\/2_1_Logo_Niedereschach.jpg\" alt=\"\" width=\"199\" height=\"100\" \/>Gemeinde Niedereschach<\/a><\/p>\n<\/td>\n<td width=\"600\"><\/td>\n<\/tr>\n<\/tbody>\n<\/table>\n","protected":false},"excerpt":{"rendered":"<p>Freiwillige Feuerwehr Fischbach C\u00e4cilienverein Fischbach (Kirchenchor) \u00a0Angelverein Fischbach FC Fischbach DRK Fischbach Musikverein Fischbach \u00a0Jugendclub Fischbach F\u00fcrstenberg Brauerei Gugg\u00e4musik Ohrw\u00fcrmer Fischbach Schwarzw\u00e4lder Narrenvereinigung Gemeinde Niedereschach<\/p>\n","protected":false},"author":1,"featured_media":0,"parent":0,"menu_order":6,"comment_status":"closed","ping_status":"closed","template":"","meta":[],"_links":{"self":[{"href":"https:\/\/www.narrenzunft-fischbach.de\/index.php?rest_route=\/wp\/v2\/pages\/62"}],"collection":[{"href":"https:\/\/www.narrenzunft-fischbach.de\/index.php?rest_route=\/wp\/v2\/pages"}],"about":[{"href":"https:\/\/www.narrenzunft-fischbach.de\/index.php?rest_route=\/wp\/v2\/types\/page"}],"author":[{"embeddable":true,"href":"https:\/\/www.narrenzunft-fischbach.de\/index.php?rest_route=\/wp\/v2\/users\/1"}],"replies":[{"embeddable":true,"href":"https:\/\/www.narrenzunft-fischbach.de\/index.php?rest_route=%2Fwp%2Fv2%2Fcomments&post=62"}],"version-history":[{"count":20,"href":"https:\/\/www.narrenzunft-fischbach.de\/index.php?rest_route=\/wp\/v2\/pages\/62\/revisions"}],"predecessor-version":[{"id":203,"href":"https:\/\/www.narrenzunft-fischbach.de\/index.php?rest_route=\/wp\/v2\/pages\/62\/revisions\/203"}],"wp:attachment":[{"href":"https:\/\/www.narrenzunft-fischbach.de\/index.php?rest_route=%2Fwp%2Fv2%2Fmedia&parent=62"}],"curies":[{"name":"wp","href":"https:\/\/api.w.org\/{rel}","templated":true}]}}